*s - 44. Calculate p(-23).
2
Let m(o) = -o + 21. Give m(0).
21
Let b(n) = 4*n - 35. Calculate b(8).
-3
Let h(t) = -t**3 + 2*t**2 + 23*t + 11. Determine h(6).
5
Let o(b) = 27*b**3 - b**2 + b. Calculate o(1).
27
Let n(h) = -6*h**2 + 2*h. Calculate n(-2).
-28
Let r(b) = -2*b**2 + 40*b + 11. What is r(18)?
83
Let y(d) = -2*d - 39. What is y(-19)?
-1
Let u(n) = 6*n + 14. Give u(-11).
-52
Let k(a) = a**2 - 4*a. Give k(3).
-3
Let o(l) = 4*l**3 + 2*l**2 - l + 2. Give o(-2).
-20
Let h(d) = 2*d**3 - 2*d**2 + 2*d + 3. Determine h(3).
45
Let o(x) = 12*x + 8. What is o(3)?
44
Let p(y) = y**3 + 7*y**2 + 10*y - 1. Determine p(-5).
-1
Let v(h) = h**3 - h**2 - 12. Determine v(0).
-12
Let h(u) = 4*u + 67. Determine h(-16).
3
Let c(u) = -3*u - 15. Give c(0).
-15
Let c(y) = 47*y - 236. Calculate c(5).
-1
Let s(q) = 77*q - 4. Give s(1).
73
Let l(j) = -j**3 + 13*j**2 - 14*j + 33. Calculate l(12).
9
Let r(g) = g**2 - 14*g + 43. What is r(11)?
10
Let o(b) = -4*b**2 + 38*b - 7. Give o(9).
11
Let t(j) = j**2 - 34*j + 271. Determine t(18).
-17
Let a(n) = 210*n**2 - 2*n + 2. Determine a(1).
210
Let a(y) = 2*y**2 - 8*y + 8. Give a(4).
8
Let q(g) = 14*g + 120. Give q(-9).
-6
Let n(c) = c**3 + 16*c**2 - 10. Give n(-16).
-10
Let p(x) = -3*x - 30. What is p(-11)?
3
Let g(i) = -2*i**2 - i - 1. Calculate g(1).
-4
Let z(y) = -y**3 - 10*y**2 - 7*y - 42. Determine z(-10).
28
Let f(u) = 2*u**3 + 22*u**2 - 24*u + 8. What is f(-12)?
8
Let n(q) = q**2 + 7*q + 5. What is n(-4)?
-7
Let b(o) = -4*o - 43. Give b(-5).
-23
Let g(t) = -t**2 - 11*t - 13. Give g(-9).
5
Let t(g) = 9*g - 1. What is t(2)?
17
Let y(b) = 5*b + 26. What is y(-3)?
11
Let v(b) = 6*b + 11. What is v(-5)?
-19
Let g(a) = -a**2 - 15*a + 33. Give g(-17).
-1
Let y(f) = f**3 - 7*f**2 + 13*f - 11. What is y(6)?
31
Let w(y) = -193*y - 1932. Calculate w(-10).
-2
Let u(j) = j**2 - 20*j + 31. What is u(16)?
-33
Let i(r) = 18*r + 4. Determine i(4).
76
Let h(c) = -7*c**2 + 3*c + 3. What is h(3)?
-51
Let g(a) = a**3 + 8*a**2 + 6*a - 10. Give g(-7).
-3
Let x(r) = -2*r**2 - 4*r + 2. What is x(-5)?
-28
Let o(h) = 16*h + 125. Determine o(-7).
13
Let u(v) = 3*v + 6. Calculate u(-5).
-9
Let d(j) = j**2 + 18*j + 54. Give d(-10).
-26
Let w(i) = 5*i - 41. Calculate w(7).
-6
Let r(j) = -j**2 + 6*j - 4. Calculate r(2).
4
Let s(h) = -h**3 + 5*h**2 + 1. Calculate s(5).
1
Let f(l) = 5*l**2 + 10*l - 34. Give f(-4).
6
Let f(s) = 21*s**3 - s - 1. Determine f(-1).
-21
Let u(w) = -51*w. What is u(-2)?
102
Let z(x) = x**3 + 12*x**2 + 12*x + 23. What is z(-11)?
12
Let u(l) = -l**3 + 4*l**2 - 2*l. Calculate u(3).
3
Let a(f) = f**3 - 7*f**2 - 12*f + 11. What is a(7)?
-73
Let s(r) = r**3 + 17*r**2 + 6*r + 33. What is s(-17)?
-69
Let l(n) = -5*n - 2. What is l(-3)?
13
Let j(t) = 24*t + 7. Determine j(-5).
-113
Let i(w) = 2*w**2 - 28*w - 49. Determine i(16).
15
Let d(p) = 68*p - 348. Determine d(5).
-8
Let l(t) = -24*t**3 - t**2 - 2*t. Calculate l(-1).
25
Let b(i) = -i**3 - 15*i**2 + 30*i - 75. Give b(-17).
-7
Let t(p) = 7*p**2 + 2*p - 4. Give t(2).
28
Let c(p) = -p**2 + 4*p - 3. What is c(5)?
-8
Let f(q) = q**2 + 9*q - 31. Determine f(-12).
5
Let s(h) = -h**2 + 7*h - 9. Give s(2).
1
Let c(g) = 23*g - 446. Give c(20).
14
Let c(y) = -y**3 + 10*y**2 + 37*y - 131. Give c(12).
25
Let b(g) = g**3 + g**2 - 4*g - 19. Determine b(0).
-19
Let r(v) = -22*v + 12. Calculate r(-2).
56
Let j(h) = 6*h - 9. Calculate j(2).
3
Let r(u) = -7*u + 5. Give r(7).
-44
Let a(k) = 6*k**2 - 1. What is a(1)?
5
Let c(o) = o**3 - 3*o**2 + 9*o - 22. Calculate c(2).
-8
Let f(o) = 18*o + 16. Give f(-1).
-2
Let h(m) = 14*m + 3. Give h(-4).
-53
Let w(r) = 2*r - 17. Calculate w(13).
9
Let r(j) = j**3 - 5*j**2 + j - 7. Give r(5).
-2
Let l(m) = m**3 - 9*m**2 - 3*m - 1. Give l(9).
-28
Let f(b) = 16*b**2 - 97*b + 4. Give f(6).
-2
Let q(y) = -2*y + 38. Calculate q(25).
-12
Let y(v) = v - 1. Calculate y(-2).
-3
Let s(a) = a**2 + 9*a - 6. What is s(-8)?
-14
Let m(z) = -z**2 - 10*z - 22. What is m(-3)?
-1
Let o(a) = -a**3 - 8*a**2 - 9*a - 4. What is o(-7)?
10
Let r(l) = -l**2 + 12*l + 1. Calculate r(11).
12
Let j(b) = -b**2 - 77*b - 148. What is j(-75)?
2
Let p(g) = g**2 - 22*g - 4. What is p(7)?
-109
Let m(q) = q**3 - 11*q - 15. Calculate m(-3).
-9
Let t(g) = 6*g - 5. Give t(0).
-5
Let v(p) = 30*p - 74. Give v(2).
-14
Let j(u) = -u**3 + 6*u**2 + 17*u + 1. Determine j(8).
9
Let s(m) = 38*m - 112. What is s(3)?
2
Let h(c) = -6*c - 67. What is h(-11)?
-1
Let x(l) = -8*l**2 + 5*l - 5. Give x(2).
-27
Let i(a) = a**3 + 2*a**2 + 2*a - 1. Calculate i(-3).
-16
Let c(y) = -y**2 - 8*y - 19. What is c(-8)?
-19
Let a(x) = -x**2 + 5*x + 13. Give a(9).
-23
Let u(f) = 43*f - 2. What is u(-1)?
-45
Let g(b) = 9*b - 7. What is g(-4)?
-43
Let s(o) = 31*o + 351. Determine s(-12).
-21
Let u(g) = g + 5. What is u(-4)?
1
Let m(h) = h**2 - 2*h - 24. Calculate m(-6).
24
Let u(m) = m**2 - 39*m + 191. Give u(33).
-7
Let t(b) = -2*b**2 - 3*b - 34. Calculate t(-4).
-54
Let c(b) = b - 1. Give c(-3).
-4
Let f(w) = -4*w**2 + 7*w - 14. Calculate f(4).
-50
Let l(o) = o - 7. What is l(6)?
-1
Let w(i) = -i**3 + 7*i**2 - 2*i - 7. Calculate w(7).
-21
Let t(h) = h + 11. What is t(-5)?
6
Let p(a) = a**3 + 8*a**2 - 2*a - 1. Determine p(-9).
-64
Let r(y) = 8*y + 30. Give r(-8).
-34
Let l(p) = -p**3 - 12*p**2 - 31*p - 7. Give l(-7).
-35
Let u(m) = m**3 + 9*m**2 + 7*m - 11. Determine u(-8).
-3
Let l(s) = -s + 3. Calculate l(-6).
9
Let d(q) = -q**3 - 5*q**2 + 2*q - 3. Calculate d(-4).
-27
Let d(n) = n**3 + 2*n**2 - 7*n - 18. Determine d(-4).
-22
Let i(x) = -11*x**2 - 13*x + 4. Give i(-5).
-206
Let y(a) = -2*a**2 + 8*a + 6. Calculate y(6).
-18
Let a(r) = 2*r**3 + 12*r**2 + 10*r + 43. Give a(-6).
-17
Let o(f) = f**3 - f**2 - 3*f. Give o(0).
0
Let o(i) = -i**3 - 13*i**2 - 15*i - 30. Give o(-12).
6
Let g(f) = -15*f - 2. What is g(-2)?
28
Let s(j) = j**3 + 6*j**2 - 5*j - 2. Determine s(-7).
-16
Let d(f) = -3*f + 14. What is d(4)?
2
Let f(q) = q**2 + q + 4. Determine f(-3).
10
Let s(o) = 5*o**2 - 51*o + 100. Calculate s(8).
12
Let y(w) = 6*w - 7. What is y(2)?
5
Let h(d) = -5*d - 23. Determine h(-5).
2
Let r(t) = -t**3 - 4*t**2 - t + 7. Give r(-4).
11
Let o(i) = -6*i - 75. Give o(-22).
57
Let z(f) = -f**3 + 7*f**2 - 9*f - 7. Determine z(5).
-2
Let i(b) = b**3 - 2*b**2 - 5*b - 7. Determine i(4).
5
Let t(b) = b**3 - 6*b**2 + b + 6. Give t(6).
12
Let q(v) = -v**3 + 4*v**2 - 7*v + 10. Give q(3).
-2
Let q(b) = -b**3 + 5*b**2 + 8*b - 14. Determine q(6).
-2
Let b(v) = 6*v + 60. Calculate b(-14).
-24
Let w(k) = -k**3 + 5*k**2 + k - 6. Give w(5).
-1
Let z(j) = -j**3 - 3*j**2 - 3*j - 8. Calculate z(-3).
1
Let x(c) = 3*c - 62. Calculate x(23).
7
Let r(g) = g**3 - 12*g**2 - g + 12. Calculate r(12).
0
Let y(k) = -k**3 + 5*k**2 - k + 8. Give y(5).
3
Let f(g) = -g**3 - 4*g**2 - 12*g - 36. Calculate f(-4).
12
Let g(q) = -q**2 + 20*q + 48. Calculate g(22).
4
Let s(k) = 3*k - 27. What is s(10)?
3
Let m(w) = -w**3 + 2*w**2 + w + 4. Determine m(2).
6
Let a(s) = s**2 + 9*s + 13. Calculate a(-4).
-7
Let m(l) = -62*l + 302. What is m(5)?
-8
Let b(a) = -a**2 - 43*a - 9. Give b(0).
-9
Let y(j) = -3*j - 1. Determine y(-3).
8
Let m(j) = -2*j**2 + 24*j + 5. What is m(12)?
5
Let i(s) = -s**3 + 6*s**2 - 24*s + 124. Determine i(6).
-20
Let w(j) = -j**2 - 15*j - 7. Calculate w(-3).
29
Let g(l) = l**2 + 7*l - 6. What is g(-6)?
-12
Let y(s) = -s**2 + 31*s - 223. Calculate y(12).
5
Let m(s) = 7*s - 200. What is m(30)?
10
Let i(a) = -a**3 - a**2 + 2*a - 7. What is i(0)?
-7
Let n(k) = k**2 - 9*k - 18. Give n(11).
4
Let p(h) = -18*h + 1. Give p(3).
-53
Let i(m) = 2*m + 1. Give i(1).
3
Let a(p) = p**3 - 27*p**2 + 5. Give a(27).
5
Let u(t) = -t**3 - 3*t**2 - 168*t - 690. What is u(-4)?
-2
Let n(q) = 4*q + 23. Calculate n(-8).
-9
Let u(k) = -k**3 - 12*k**2 + 3*k + 5. Give u(-12).
-31
Let r(h) = 11*h**3 + 2*h**2 - 2*h - 3. What is r(-1)?
-10
Let l(n) = -n**3 + 7*n**2 - 7*n - 3. What is l(6)?
-9
Let b(y) = -2*y**3 + 6. Give b(0).
6
Let z(h) = h**2 + 6*h - 31. Calculate z(-7).
-24
Let b(d) = 8*d + 100. Give b(-7).
44
Let z(a) = -8*a + 96. Give z(8).
32
Let v(x) = -3*x**3 - 4*x**2 + 4*x + 3. Give v(-2).
3
Let f(q) = q**2 + 9*q + 21. Determine f(-5).
1
Let c(d) = -d**3 + 8*d**2 + 8*d - 3. Give c(7).
102
Let k(m) = -m**3 - 32*m**2 - 30*m + 41. Determine k(-31).
10
Let r(x) = -21*x + 52. Calcu